{"id":2815,"date":"2022-07-16T16:13:13","date_gmt":"2022-07-16T19:13:13","guid":{"rendered":"http:\/\/ultramarathon.com.br\/principal\/?page_id=2815"},"modified":"2022-07-17T01:17:07","modified_gmt":"2022-07-17T04:17:07","slug":"kindle-unlimited","status":"publish","type":"page","link":"https:\/\/ultramarathon.com.br\/principal\/kindle-unlimited\/","title":{"rendered":"Kindle Unlimited"},"content":{"rendered":"<p><strong>Kindle Unlimited<br \/>\n<a href=\"https:\/\/amzn.to\/3cn9Db2\" target=\"_blank\" rel=\"noopener\">Leia de gra\u00e7a, \u00e0 vontade, mais de um milh\u00e3o de eBooks<\/a>.<\/strong><\/p>\n<p><strong>( Portugu\u00eas) Leia mais em :<\/strong><a href=\"https:\/\/amzn.to\/3cn9Db2\" target=\"_blank\" rel=\"noopener\"><strong>https:\/\/amzn.to\/3cn9Db2<\/strong><\/a><\/p>\n<p>&nbsp;<\/p>\n<p><strong>Kindle Unlimited<\/strong><br \/>\n<strong><a href=\"https:\/\/amzn.to\/3AV3fSt\" target=\"_blank\" rel=\"noopener\">Enjoy unlimited access to over a million titles on any devic<\/a>e.<\/strong><br \/>\n<a target=\"_blank\" href=\"https:\/\/www.amazon.com\/kindle-dbs\/hz\/signup?ref_=assoc_tag_ph_1454291293420&#038;_encoding=UTF8&#038;camp=1789&#038;creative=9325&#038;linkCode=pf4&#038;tag=edson-20&#038;linkId=665b1e98c9ade7e4f51b87904d2be99d\" rel=\"noopener\">Kindle Unlimited Membership Plans<\/a><br \/>\n<strong>(English)\u00a0 Read More in :<\/strong>\u00a0 <strong><a href=\"https:\/\/amzn.to\/3AV3fSt\" target=\"_blank\" rel=\"noopener\">https:\/\/amzn.to\/3AV3fSt<\/a><\/strong><\/p>\n","protected":false},"excerpt":{"rendered":"<p>Kindle Unlimited Leia de gra\u00e7a, \u00e0 vontade, mais de um milh\u00e3o de eBooks. ( Portugu\u00eas) Leia mais em :https:\/\/amzn.to\/3cn9Db2 &nbsp; Kindle Unlimited Enjoy unlimited access to over a million titles on any device. Kindle Unlimited Membership Plans (English)\u00a0 Read More in :\u00a0 https:\/\/amzn.to\/3AV3fSt<\/p>\n","protected":false},"author":1,"featured_media":0,"parent":0,"menu_order":0,"comment_status":"closed","ping_status":"closed","template":"","meta":{"footnotes":""},"class_list":["post-2815","page","type-page","status-publish","hentry"],"yoast_head":"<!-- This site is optimized with the Yoast SEO plugin v20.6 - https:\/\/yoast.com\/wordpress\/plugins\/seo\/ -->\n<title>Kindle Unlimited - Ultramarathon Guide<\/title>\n<meta name=\"robots\" content=\"index, follow, max-snippet:-1, max-image-preview:large, max-video-preview:-1\" \/>\n<link rel=\"canonical\" href=\"https:\/\/ultramarathon.com.br\/principal\/kindle-unlimited\/\" \/>\n<meta property=\"og:locale\" content=\"pt_BR\" \/>\n<meta property=\"og:type\" content=\"article\" \/>\n<meta property=\"og:title\" content=\"Kindle Unlimited - Ultramarathon Guide\" \/>\n<meta property=\"og:description\" content=\"Kindle Unlimited Leia de gra\u00e7a, \u00e0 vontade, mais de um milh\u00e3o de eBooks. ( Portugu\u00eas) Leia mais em :https:\/\/amzn.to\/3cn9Db2 &nbsp; Kindle Unlimited Enjoy unlimited access to over a million titles on any device. Kindle Unlimited Membership Plans (English)\u00a0 Read More in :\u00a0 https:\/\/amzn.to\/3AV3fSt\" \/>\n<meta property=\"og:url\" content=\"https:\/\/ultramarathon.com.br\/principal\/kindle-unlimited\/\" \/>\n<meta property=\"og:site_name\" content=\"Ultramarathon Guide\" \/>\n<meta property=\"article:publisher\" content=\"http:\/\/edsoncavalcantesp\" \/>\n<meta property=\"article:modified_time\" content=\"2022-07-17T04:17:07+00:00\" \/>\n<meta name=\"twitter:card\" content=\"summary_large_image\" \/>\n<meta name=\"twitter:site\" content=\"@edsoncavalcante\" \/>\n<meta name=\"twitter:label1\" content=\"Est. tempo de leitura\" \/>\n\t<meta name=\"twitter:data1\" content=\"1 minuto\" \/>\n<script type=\"application\/ld+json\" class=\"yoast-schema-graph\">{\"@context\":\"https:\/\/schema.org\",\"@graph\":[{\"@type\":\"WebPage\",\"@id\":\"https:\/\/ultramarathon.com.br\/principal\/kindle-unlimited\/\",\"url\":\"https:\/\/ultramarathon.com.br\/principal\/kindle-unlimited\/\",\"name\":\"Kindle Unlimited - Ultramarathon Guide\",\"isPartOf\":{\"@id\":\"https:\/\/ultramarathon.com.br\/principal\/#website\"},\"datePublished\":\"2022-07-16T19:13:13+00:00\",\"dateModified\":\"2022-07-17T04:17:07+00:00\",\"breadcrumb\":{\"@id\":\"https:\/\/ultramarathon.com.br\/principal\/kindle-unlimited\/#breadcrumb\"},\"inLanguage\":\"pt-BR\",\"potentialAction\":[{\"@type\":\"ReadAction\",\"target\":[\"https:\/\/ultramarathon.com.br\/principal\/kindle-unlimited\/\"]}]},{\"@type\":\"BreadcrumbList\",\"@id\":\"https:\/\/ultramarathon.com.br\/principal\/kindle-unlimited\/#breadcrumb\",\"itemListElement\":[{\"@type\":\"ListItem\",\"position\":1,\"name\":\"In\u00edcio\",\"item\":\"https:\/\/ultramarathon.com.br\/principal\/\"},{\"@type\":\"ListItem\",\"position\":2,\"name\":\"Kindle Unlimited\"}]},{\"@type\":\"WebSite\",\"@id\":\"https:\/\/ultramarathon.com.br\/principal\/#website\",\"url\":\"https:\/\/ultramarathon.com.br\/principal\/\",\"name\":\"Ultramarathon Guide\",\"description\":\"ultramaratonas\",\"potentialAction\":[{\"@type\":\"SearchAction\",\"target\":{\"@type\":\"EntryPoint\",\"urlTemplate\":\"https:\/\/ultramarathon.com.br\/principal\/?s={search_term_string}\"},\"query-input\":\"required name=search_term_string\"}],\"inLanguage\":\"pt-BR\"}]}<\/script>\n<!-- \/ Yoast SEO plugin. -->","yoast_head_json":{"title":"Kindle Unlimited - Ultramarathon Guide","robots":{"index":"index","follow":"follow","max-snippet":"max-snippet:-1","max-image-preview":"max-image-preview:large","max-video-preview":"max-video-preview:-1"},"canonical":"https:\/\/ultramarathon.com.br\/principal\/kindle-unlimited\/","og_locale":"pt_BR","og_type":"article","og_title":"Kindle Unlimited - Ultramarathon Guide","og_description":"Kindle Unlimited Leia de gra\u00e7a, \u00e0 vontade, mais de um milh\u00e3o de eBooks. ( Portugu\u00eas) Leia mais em :https:\/\/amzn.to\/3cn9Db2 &nbsp; Kindle Unlimited Enjoy unlimited access to over a million titles on any device. Kindle Unlimited Membership Plans (English)\u00a0 Read More in :\u00a0 https:\/\/amzn.to\/3AV3fSt","og_url":"https:\/\/ultramarathon.com.br\/principal\/kindle-unlimited\/","og_site_name":"Ultramarathon Guide","article_publisher":"http:\/\/edsoncavalcantesp","article_modified_time":"2022-07-17T04:17:07+00:00","twitter_card":"summary_large_image","twitter_site":"@edsoncavalcante","twitter_misc":{"Est. tempo de leitura":"1 minuto"},"schema":{"@context":"https:\/\/schema.org","@graph":[{"@type":"WebPage","@id":"https:\/\/ultramarathon.com.br\/principal\/kindle-unlimited\/","url":"https:\/\/ultramarathon.com.br\/principal\/kindle-unlimited\/","name":"Kindle Unlimited - Ultramarathon Guide","isPartOf":{"@id":"https:\/\/ultramarathon.com.br\/principal\/#website"},"datePublished":"2022-07-16T19:13:13+00:00","dateModified":"2022-07-17T04:17:07+00:00","breadcrumb":{"@id":"https:\/\/ultramarathon.com.br\/principal\/kindle-unlimited\/#breadcrumb"},"inLanguage":"pt-BR","potentialAction":[{"@type":"ReadAction","target":["https:\/\/ultramarathon.com.br\/principal\/kindle-unlimited\/"]}]},{"@type":"BreadcrumbList","@id":"https:\/\/ultramarathon.com.br\/principal\/kindle-unlimited\/#breadcrumb","itemListElement":[{"@type":"ListItem","position":1,"name":"In\u00edcio","item":"https:\/\/ultramarathon.com.br\/principal\/"},{"@type":"ListItem","position":2,"name":"Kindle Unlimited"}]},{"@type":"WebSite","@id":"https:\/\/ultramarathon.com.br\/principal\/#website","url":"https:\/\/ultramarathon.com.br\/principal\/","name":"Ultramarathon Guide","description":"ultramaratonas","potentialAction":[{"@type":"SearchAction","target":{"@type":"EntryPoint","urlTemplate":"https:\/\/ultramarathon.com.br\/principal\/?s={search_term_string}"},"query-input":"required name=search_term_string"}],"inLanguage":"pt-BR"}]}},"_links":{"self":[{"href":"https:\/\/ultramarathon.com.br\/principal\/wp-json\/wp\/v2\/pages\/2815","targetHints":{"allow":["GET"]}}],"collection":[{"href":"https:\/\/ultramarathon.com.br\/principal\/wp-json\/wp\/v2\/pages"}],"about":[{"href":"https:\/\/ultramarathon.com.br\/principal\/wp-json\/wp\/v2\/types\/page"}],"author":[{"embeddable":true,"href":"https:\/\/ultramarathon.com.br\/principal\/wp-json\/wp\/v2\/users\/1"}],"replies":[{"embeddable":true,"href":"https:\/\/ultramarathon.com.br\/principal\/wp-json\/wp\/v2\/comments?post=2815"}],"version-history":[{"count":6,"href":"https:\/\/ultramarathon.com.br\/principal\/wp-json\/wp\/v2\/pages\/2815\/revisions"}],"predecessor-version":[{"id":2890,"href":"https:\/\/ultramarathon.com.br\/principal\/wp-json\/wp\/v2\/pages\/2815\/revisions\/2890"}],"wp:attachment":[{"href":"https:\/\/ultramarathon.com.br\/principal\/wp-json\/wp\/v2\/media?parent=2815"}],"curies":[{"name":"wp","href":"https:\/\/api.w.org\/{rel}","templated":true}]}}